14*w. Is w a composite number?
True
Let g(b) = -b**3 + 64*b**2 - 134*b - 150. Is g(61) composite?
True
Suppose -y - 114*k = -113*k - 118035, -k = -5*y + 590223. Is y a composite number?
False
Let c(q) = -58*q - 83. Let f be c(2). Let o = 1432 - f. Is o a composite number?
True
Suppose 0 = g + 2*g - 54. Let y(h) = 408*h**3 + 2*h**2 + h - 2. Let a be y(1). Let k = a + g. Is k composite?
True
Suppose 3*p + 3*x - 311793 + 114498 = 0, -65777 = -p - 4*x. Is p prime?
True
Let y be ((-18)/4 - 2)*(-48)/8. Let n be (-53502)/(-30) + -2 + y/15. Suppose -n = -4*r - 172. Is r composite?
True
Let n be ((-922)/3)/((-6)/9). Suppose 2*b + 125 - n = -2*j, -5*b + 4*j + 795 = 0. Suppose -5*g = 3*f - 277, -4*g + g - f = -b. Is g a prime number?
True
Let q = 733170 - 8179. Is q composite?
False
Suppose 0 = 4*c + 30 - 50. Suppose -y = 3*l - 55985, 52981 + 40328 = c*l + 2*y. Is l composite?
False
Suppose -130*l - 72 = -121*l. Is (-7 + 1408 - l) + -8 a composite number?
True
Suppose 941*g - 20 = 936*g. Let t(y) be the second derivative of 103*y**3/3 - 21*y**2/2 - y. Is t(g) a composite number?
True
Let z be 22/8 + 3/12. Is ((-3898)/10)/(z + (-16)/5) a composite number?
False
Let o = 2464624 + -1440683. Is o a prime number?
True
Suppose -3*g - 32 = -5*g. Is -10*(-2)/g*-4 + 216 composite?
False
Let q be (-42)/(-4)*(-96)/(-36). Is ((-171422)/(-19))/2 - q/266 prime?
False
Let q(w) = 40*w**2 - 22*w - 12. Suppose 2 = -2*j - 32. Let z be q(j). Suppose -z = c - 7*c. Is c a prime number?
True
Suppose -u + 5*r - 15 = 2*r, 4*u = -5*r - 26. Let b be 2/u + 34/(-9) + 3. Is b/(1/(-634)) + -2 + -1 prime?
True
Let b(r) = 6 - 112*r + 16 + 36*r + 5. Is b(-4) composite?
False
Suppose 1270 = -5*n + 4*n + 2*j, 2*n - 5*j = -2535. Let b = n + 2680. Let o = -759 + b. Is o composite?
False
Let a(o) = -12*o**3 - 13*o**2 - 3*o - 13. Is a(-13) composite?
True
Let k be 5*6*(-4)/(-60). Is 5 + 4433 - (0 + k/(-2)) a prime number?
False
Let q be ((-5)/((-10)/3))/((-6)/(-8)). Let b(t) = 30*t - 7. Is b(q) prime?
True
Let z(y) = -10 + 8*y + 8*y**2 - 27*y**2 + 18*y**2. Let d be z(6). Is d + 450 + (-2)/(-1) + 3 prime?
True
Suppose 11795*f = 11792*f + 26853. Is f composite?
False
Suppose 0 = -q + 117 + 6830. Is q a composite number?
False
Let d be (-4)/(-9) - (-340)/(-36). Is (d - 25/(-3))*(-319635)/6 composite?
True
Suppose 7*m = 119209 + 74355. Let z be 8/(-20) - (m/20 - 4). Is (7/(-7))/(1/z) a prime number?
False
Suppose 11*b + 9*b - 60 = 0. Suppose 4*r = b*v - 7698 + 2668, 4*v + 2*r = 6714. Is v composite?
True
Suppose -n = d - 1068, 3210 = 3*d - 7*n + 12*n. Suppose 7*l + 191 = 8*l - 4*x, 0 = 5*l + 2*x - d. Is l a prime number?
True
Is (-20021460)/(-44) - (1269/(-99) + 13) a composite number?
False
Is 641065/15 + 88/66 prime?
False
Suppose 4*k = -3*b + 7*b, 0 = -5*b - 5*k + 40. Suppose b*a - 6797 = -305. Is a composite?
True
Let b = -184 + 184. Suppose -2*j - 4*u + 47050 = 0, b = 5*j - 2*j + 2*u - 70587. Is j a prime number?
True
Let k(p) = 2*p - 14. Let w be k(9). Suppose -4*g + c - 86 - 9 = 0, -w*c = -2*g - 30. Is -87*g/15 - -4 a composite number?
False
Let v(a) = -4113 + 4111 + 642*a + 3125*a. Let f be (-11)/(-4) + (-2)/(-8). Is v(f) prime?
True
Let r(w) = -4*w**3 + 4*w**2 - 10*w + 7. Let f(l) = 8*l + 8. Let j be f(-12). Let s = j - -79. Is r(s) composite?
True
Suppose 2*g = i - 183451, -989*i + 3*g = -982*i - 1284212. Is i a prime number?
True
Is ((-210)/150 - (-535316)/40) + 1/(-2) composite?
False
Let a = -2608 - -9393. Suppose -36*s + 32*s + 27215 = -q, a = s - 4*q. Is s a prime number?
False
Let x be 5 + (-10)/((-50)/(-31255)). Let k = x - -10441. Is k composite?
True
Let g(b) = 46734*b**3 + 6*b**2 + 4*b - 6. Is g(1) a prime number?
False
Let r(j) = 4*j**2 + 29*j - 86. Is r(21) a prime number?
True
Let p(x) = -x**3 - 29*x**2 + 30*x - 45. Let u be (0 + -3)/(-6)*(-2 - 72). Is p(u) composite?
True
Suppose 4*j + 5*y = -0*y - 2341, y = -1. Let h = j + 843. Is h a prime number?
False
Suppose 2*i = 0, -3*v + 2*i - 7*i + 129401 = -1402. Is v a composite number?
True
Let v(q) = q**3 + 8*q**2 + 3*q - 1. Let r be v(-6). Let f = -48 + r. Let n(s) = 67*s + 30. Is n(f) a composite number?
True
Let f be 16697 + 35 - -5*1. Suppose 5*i - f = -3*u, -7*u - 6701 = -2*i - 2*u. Let a = i + -1501. Is a a composite number?
False
Suppose 3*d + 3*g - 43 = -g, 5*g + 95 = 5*d. Suppose -5*y = -27 + d. Suppose q + y*q - 1887 = 0. Is q prime?
False
Let k = 27678 + -23467. Is k prime?
True
Let b(f) = 21*f**3 + 18 + f**2 - 3*f - 13 - 4 - 4*f. Is b(2) a prime number?
False
Let u(d) = -2*d**2 + 4*d - 31681. Let v be u(0). Let n = 56444 + v. Is n a prime number?
True
Suppose 4505*p + 42647 = 4506*p. Is p prime?
False
Let z be (-3)/10*-4*40/(-6). Is 3300/(-2)*4/z - 4 composite?
False
Suppose -4*i + 7122 = c, 2*i - 4764 + 1192 = 5*c. Suppose -i = -y - 0*y. Suppose -u + 5*w = -1456, y - 6199 = -3*u + 5*w. Is u a prime number?
True
Let k(q) = -q**3 - 17*q**2 - 202*q + 17. Is k(-37) a composite number?
False
Let d(t) = 6*t - 128. Let r be d(21). Is r*(-7893)/(-18)*-2 a prime number?
False
Let g = -263 - -395. Let n = 306 + g. Let l = n - 201. Is l prime?
False
Is 19945/3*(-969)/(-85) composite?
True
Let x = 500168 + -213339. Is x prime?
False
Let n(g) = 100190*g + 3837. Is n(4) prime?
True
Let o = -24885 + 48182. Is o prime?
True
Let a = 588 + -1861. Let y = 1776 - a. Is y a composite number?
False
Let u(k) = 25*k**3 + 4*k**2 + 12*k - 7. Let o be u(-7). Let a = o - -18543. Is a a composite number?
True
Suppose 2*k = 10, 4*f - k + 27 - 6 = 0. Let m(d) = 2*d**2 + 10*d + 8. Let z be m(f). Suppose h - 3*y - 205 = 0, 0 = -3*y - z + 6. Is h composite?
False
Let o = 5436 - 1133. Is o prime?
False
Suppose d - 6*d + 951417 = -2*q, 190284 = d - q. Is 110/1045 + d/19 composite?
True
Let o = -453 - -1653. Suppose o = p - 1697. Is p prime?
True
Suppose -6*w + 9*w - 122164 = -5*o, 0 = 3*o - 4*w - 73281. Is o a prime number?
False
Let p = 198 - 198. Suppose p = -2*u + 3*u - 5, 5*b = 3*u + 14170. Is b prime?
True
Let f = -4841 + -1492. Let q = f + 9912. Is q a prime number?
False
Let r = -1 - -1. Suppose x + 2*f + 0*f = -12, -2*x + 3*f + 4 = r. Is (-3151)/(-3) + 4 - x/6 a composite number?
True
Let x be -2 + 11 + (-20)/5. Suppose x*h = -7 + 32. Is (-1)/(0 + h/(-1970)) a composite number?
True
Let z = -275092 - -796223. Is z prime?
False
Let i be 1 - (1 + 2) - -1024. Suppose 5*o - 5*p = -2*p - 1253, 5*p = 2*o + 486. Let d = o + i. Is d a prime number?
True
Let i = -15 + 19. Let q be 1 + 0/(2 - i). Is 49 + q + 2 + 1 a composite number?
False
Suppose -18*w = -14*w - 46628. Suppose -4*s + 5*m + w = 0, 4*s = -s + 2*m + 14584. Is s a prime number?
False
Suppose o + 2*y = -y + 217687, -y + 2 = 0. Suppose -23*p - 26804 = -o. Is p prime?
False
Suppose 9038566 - 30032752 = -6*t - 160*t. Is t prime?
False
Let n(d) = -3*d - 35. Let g be n(-11). Is (-1)/(-2)*1112 + 6/g a prime number?
False
Is 1*1805444/((-60)/(-15)) a prime number?
True
Let p = 264064 + -84309. Is p a prime number?
False
Let k = -254 + 258. Let o(q) = 1429*q - 93. Is o(k) a composite number?
False
Let q = -111995 - -196624. Is q a composite number?
False
Let o = 139 + -135. Suppose 43663 = 3*y + t - 15552, 0 = -o*t - 8. Is y a composite number?
False
Suppose -5*h = -h - 14036. Let f(m) = -2*m - 1186. Let u be f(51). Let a = h + u. Is a composite?
False
Suppose c = -2*c + 5*v + 17, -4*v = -4*c + 20. Suppose c*u + 34038 = -11546. Let o = 17059 + u. Is o a prime number?
False
Is (-601077)/(-2)*(608/57 - (10 - 0)) prime?
False
Suppose -2*f = -6*y - 3*f + 45849, -7654 = -y + 4*f. Is y a composite number?
True
Let n = 4137714 + -2253757. Is n a composite number?
True
Let w(q) = -103*q**2 + 101*q - 4. Let o(y) = 52*y**2 - 50*y + 1. Let k(d) = 7*o(d) + 3*w(d). Let z(u) be the first derivative of k(u). Is z(6) a prime number?
True
Let t = 22 - 19. Let u be t*76 - (0 + 0). Suppose 3*r = -5*h + 1130, -2*r + r = h - u. Is h composite?
False
Suppose 487 + 80 = 3*q. Is (-54)/q - 38658/(-14) a composite number?
True
Suppose 0 = 3*s - x - 48, 2*x - 5*x - 9 = 0. Suppose 0 = -5*r + s, 4*i + 0*r - r - 15137 = 0. Suppose -i = -c - 4*c. Is c a prime number?
True
Suppose 0 = -8*t + 10 + 14. Is (-2)/(t - 35742/11910) composite?
True
Let g be 10/(-4)*(-66)/15. Let l be g/(-55) + (-472)/(-10). Let z = 3210 - l. Is z 